 + -5. List the prime factors of 49*-1*y/16.
2, 7
Suppose -26*p - 7453 = -85479. What are the prime factors of p?
3001
Let p(i) = 5*i**2 + 3*i - 3. Let l be p(5). Let x = 413 - l. List the prime factors of x.
2, 3, 23
What are the prime factors of (850/25 - 32)*1702/4?
23, 37
Let m = 13339 - -1210. List the prime factors of m.
14549
Suppose -9*g + g = 392. Let c = -51 - g. List the prime factors of c + 7 + -5 - 140/(-2).
2, 5, 7
Let v = 375 - 376. What are the prime factors of 4/24 + (-41275)/30*v?
2, 43
Let b = -5 - -17. Let a(s) = -s**2 + 16*s - 37. What are the prime factors of a(b)?
11
Let g(z) = -4517*z + 2497. List the prime factors of g(-4).
3, 5, 457
Let n(t) = 3603*t - 21. Let d be n(4). Suppose -d = -33*s + 2175. What are the prime factors of s?
2, 251
Let b = -79709 + 134209. List the prime factors of b.
2, 5, 109
List the prime factors of ((-1374)/(-8))/(21*3/10668).
127, 229
Suppose 324631 = -2*u + 420287. List the prime factors of u.
2, 11, 1087
Let o(k) = 25*k - 50. Let a(y) = -2*y**3 + 8*y**2 + 3*y - 2. Let p be a(4). Let i be o(p). What are the prime factors of i/(4*(-3)/(-12)) - -1?
3, 67
Let x = -309 - -554. Suppose -a + 2*c = -40 - x, 3*a - 863 = 2*c. What are the prime factors of a?
17
What are the prime factors of (-26 + 16 - -3) + 26843?
2, 6709
Let g(u) = -u + 16. Let f be (-212)/(-18) - (-4 - 136/(-36)). Let q be g(f). Suppose -d + 2*d - 211 = -5*c, q*c = d - 220. What are the prime factors of d?
2, 3
Let p = -37 + 15. Let q = p + 24. Suppose 5*r - 159 = -q*z - z, -3*z = -2*r + 51. List the prime factors of r.
2, 3, 5
Let a(i) = -19*i - 591*i**2 + 569*i**2 - 30 - 6 - 17*i - 5 + i**3. What are the prime factors of a(26)?
11, 157
Suppose 0 = 7*d - 60 + 18. Let j be (81/(-2))/(d/176). List the prime factors of (j/30)/9*(-15 + 0).
2, 3, 11
Suppose 3*q = -w + 10, -q + 4*q = 3. Suppose w*j = 3275 - 1175. Suppose 755 = 5*p + j. What are the prime factors of p?
7, 13
Suppose 0 = 6*f - 7*f + q - 1, -q + 9 = f. Suppose 3114 + 698 = f*n. Suppose -6*w = -313 - n. List the prime factors of w.
211
Suppose 74 - 26 = 4*b. Suppose b*k + 115 = -17. What are the prime factors of k/(-3)*(-12)/8*-14?
7, 11
Suppose t = 3*o + 43, -3*t - 20 + 99 = o. Suppose 0 = 4*j - 6*j - t. What are the prime factors of (j/42)/((-1)/195)?
5, 13
Let d = -56 + 69. Suppose -15 = -5*z - 2*q + 4, q = 5*z - d. Suppose 2*o + z*o - 295 = 0. List the prime factors of o.
59
Suppose -31 = 5*q - 36. Let g(l) = -l**3 - 1. Let u(j) = -62*j**3 + j**2 - 3*j + 7. Let w(v) = -5*g(v) - u(v). List the prime factors of w(q).
67
Suppose -2*z = 2*d - 27168, -3*d - 43687 - 24217 = -5*z. What are the prime factors of z?
2, 6791
Suppose y = 3*i - 1, 4*y + 4 = 6*i - i. Suppose i = -j - 0*j + 4*u + 1466, j - 5*u = 1468. Suppose 5*c - 23*c = -j. What are the prime factors of c?
3
Suppose -2*r - 220 = 9*r. Let f = r + 23. Suppose -4*g + 33 = -f*g. What are the prime factors of g?
3, 11
Let m = 49905 + -31876. What are the prime factors of m?
11, 149
Suppose g - 23223 = -3*v, -g + 32*v - 36*v = -23220. Suppose 57*x - 33*x - g = 0. List the prime factors of x.
2, 11
Let f = -36 - -38. Suppose 2 = f*r, 22*y - 17*y - 2*r - 1123 = 0. List the prime factors of y.
3, 5
Let a be (15/6)/((-6)/12). Let k(n) = 2*n**2 + 8*n - 5. Let p be k(a). Suppose -2 - p = -s. List the prime factors of s.
7
Let k be 3 - ((-15)/(-5) + -1 - 3). Suppose -1235 = -5*i - 5*g - 0*g, -k*i - 3*g + 992 = 0. What are the prime factors of i?
251
Let b(y) = 1574*y**2 + 29*y - 92. What are the prime factors of b(5)?
7, 13, 433
Let y(a) = -326*a + 140. What are the prime factors of y(-13)?
2, 11, 199
What are the prime factors of 332*(-14)/(-308)*11?
2, 83
Let a be 184 + (55/(-44))/(2/(-8)). Let r(f) = f + 1. Let p be r(3). Suppose -5*t = p*t - a. List the prime factors of t.
3, 7
Let z = 20909 - 8784. What are the prime factors of z?
5, 97
Suppose 44*f = 75623 + 59281. List the prime factors of f.
2, 3, 7, 73
Let g = 44 - 37. Suppose 15 = 2*z - g*z. Let t(i) = 3*i**2 - 10*i - 22. What are the prime factors of t(z)?
5, 7
Let i = 41738 + -36020. What are the prime factors of i?
2, 3, 953
Let y(o) = 1132*o + 3096. What are the prime factors of y(25)?
2, 47, 167
List the prime factors of 1602/(-267)*(-1605)/2.
3, 5, 107
Let h(q) = -33*q + 129. Let r be h(7). What are the prime factors of 11/(r/(-126) + 2/(-3))?
7, 11
List the prime factors of ((-135176)/1220)/((-3)/1215).
2, 3, 277
Let q(k) = 48*k + 10. Suppose -4*f + 5 = -7. Suppose -g - f = -o, -2*g - g = o - 11. What are the prime factors of q(g)?
2, 53
Suppose -23 = -55*l + 54*l. Suppose -4*r - a + 35 = 0, -2*r + 7*r - 40 = -2*a. Let y = l + r. List the prime factors of y.
3, 11
Let x = 71255 + -44567. What are the prime factors of x?
2, 3, 139
Let s be 9 + (-108835)/(-75) - 2/15. Suppose 10*l - 15*l = -3*w - s, -876 = -3*l - 2*w. List the prime factors of l.
2, 73
Let q(a) = -124 - 20*a - 25*a - 78 + 9*a. List the prime factors of q(-28).
2, 13, 31
Let h be ((-4)/8)/(5/(-10)). Suppose -3*a + 4*o + 7 = -o, -o + h = 0. Suppose 0 = -a*q + 32 + 24. List the prime factors of q.
2, 7
Let c = -17682 + 30677. List the prime factors of c.
5, 23, 113
Let u(n) = -101*n + 5. Let v be u(-2). Let m = v + -141. List the prime factors of m.
2, 3, 11
Let w = -106083 + 155160. List the prime factors of w.
3, 7, 19, 41
Let o = 134 + -132. Suppose 3*a - 2*a - 399 = -r, 2004 = 5*r + o*a. Suppose -36 = -2*p + r. List the prime factors of p.
3, 73
Suppose -4*r - 3*r + 56 = 0. Suppose g + 2*l - r = -0*l, 4*l - 18 = -3*g. Suppose -g*m - 2*m + 68 = 0. What are the prime factors of m?
17
Let x(y) = -5737*y + 1486. What are the prime factors of x(-3)?
7, 2671
Let x(f) = 1607*f + 2921. List the prime factors of x(27).
2, 5, 11, 421
Suppose -17*b + 2920358 = 346*b - 1047232. What are the prime factors of b?
2, 5, 1093
Let u be ((-90)/24)/(27/(-36)). Suppose a - 5*v = 1300, -3*v = u*a - 2117 - 4411. List the prime factors of a.
3, 5, 29
Suppose 7*l - 27 = -6. Suppose l*s + 4*q = 1133, -3*s + 1132 = -0*q + 5*q. List the prime factors of s.
379
Let n be (-7)/((-14)/6)*(-1)/(-1). Let h(a) = -2*a - 24*a + n + 9*a. List the prime factors of h(-3).
2, 3
Suppose 0 = 4*x + 20, 4*x - x = 4*h - 31. Let c be 26/12*h - (-6)/(-9). Suppose -2*u - c + 26 = 0. What are the prime factors of u?
3
Let m(y) = 3*y**3 + 4*y**2 + 6*y + 7. Let c be m(-2). Let w be (c/26)/((-2)/4). What are the prime factors of (w - 1/(-1))/((-16)/(-1728))?
2, 3
Suppose 2*k - 4*j - 4654 = 3288, 2*k - 7963 = -3*j. What are the prime factors of k?
41, 97
Suppose 0 = 2*i - 4*b + 466, 3*i - 2*b + 525 + 178 = 0. Let f = 428 + i. What are the prime factors of f?
193
Suppose -2*c + 3 = -9. Let n(a) = 2*a**2 - 10*a + 9. Let s be n(c). Let o(i) = -i**3 + 21*i**2 + 3*i - 15. What are the prime factors of o(s)?
2, 3
Suppose 5*y + 4*u - 1825 = 2*u, -u + 5 = 0. Let p = 629 - y. What are the prime factors of p?
2, 7, 19
Let n(j) be the first derivative of -j**3/3 + 17*j + 261. Let v be (-4)/(-14) + (-6)/21. List the prime factors of n(v).
17
Let s = 57038 - 15919. List the prime factors of s.
13, 3163
Let b = 114 - 94. Let f(y) be the first derivative of -y**4/4 + 19*y**3/3 + 11*y**2 - 22*y - 7. List the prime factors of f(b).
2, 3
Suppose -5363 = -5*v + 4*f, -1066 = -v + 3*f - 0*f. Suppose 0 = 5*n + 5*w - 540 - v, 2*w = -3*n + 964. What are the prime factors of n?
2, 3, 53
Let h(l) = l**3 + 6*l**2 - 19*l - 17. Let f be h(-8). Suppose -f*d + 283 = -2209. What are the prime factors of d?
2, 89
Let k(f) = -3*f + 30. Suppose 149 = -5*c - 86. Let w = c + 38. List the prime factors of k(w).
3, 19
Let n(z) = 15696*z - 15524. List the prime factors of n(7).
2, 103, 229
Let p(y) = y**3 - 30*y**2 + 59*y + 74. Let h be p(31). Let q = -1089 + h. What are the prime factors of q?
5, 71
Suppose z + 519 = -4*f, 0 = -5*f + 8*f - z + 398. Let r = f + 575. List the prime factors of r.
2, 3, 37
Suppose -74*a - 8448 = -80*a. Let f = a - -574. List the prime factors of f.
2, 991
What are the prime factors of (-57)/456 - 125617/16*-2?
2, 3, 2617
Let m = 517 - 514. Suppose 0 = -m*i + 597 - 216. What are the prime factors of i?
127
Let i(o) = -7*o + 32. Let k be -5*15/(-10)*(5 + -3). Let d be (1 + 0)*0 - k. What are the prime factors of i(d)?
137
Let i(a) = -7*a**3 + 2*a**2 + 